+ (7 - 9) + 2)?
-2
What is the value of -62 - -72 - (-35 - -17)?
28
What is the value of 13 + 1 - (-30 + 20 - -21 - 17)?
20
What is -8 + (0 - -11 - (20 - (3 + 3)))?
-11
What is the value of (7 + -11 - 10) + 24?
10
What is the value of 13 + -9 + (-2 + 4 - -4)?
10
Calculate 14 - ((-1 - -14) + 2 + -15).
14
What is the value of (6 - 14) + (-153 - -126)?
-35
Calculate 9 - (-8 - -5 - 2).
14
Evaluate 2 + 0 - (-2022 - -2002).
22
Calculate -3 - (6 + -1 + (81 - 112)).
23
What is the value of 13 + -5 - (15 + 8)?
-15
What is the value of 3 - ((-8 - -3) + 2 - -3) - -10?
13
Calculate (-10 + 2 - (-22 - -7)) + (8 - 5).
10
What is the value of 19 + (2 + -9 + -2 - -2)?
12
What is the value of 25 + -9 + -16 + -1?
-1
What is -13 + -3 + (2 - 13 - -8)?
-19
Calculate (4 + -4 - 4 - -2) + (-45 - -43).
-4
(-9 - (23 + -29)) + 29
26
-8 + 4 + (26 - 12) + -29
-19
8 + -12 - 5 - (10 + -6) - 11
-24
(-4 - (6 - 9)) + 0 + 0 - -4
3
What is the value of 2 - (-9 + 12) - -5?
4
Calculate (-22 + 5 - -10) + -2 - 2.
-11
Evaluate 1 - 0 - 13 - (28 - (-36 + 67)).
-9
Evaluate 2 - 7 - (154 + -163).
4
What is the value of 0 - -13 - (-114 + 122 + (2 - 3))?
6
Evaluate -19 - (17 - (80 + -20)).
24
What is (-1 - 4) + 17 - (11 - (-6 - -7))?
2
-3 - -7 - (10 + (-2 - 5))
1
Evaluate -30 + 14 - (-1 + -8 + 1).
-8
What is -1 - 1 - -7 - ((11 - 4) + 2)?
-4
Evaluate 8 + 12 + -24 + -4 - 0.
-8
What is 5 + (8 - 39) + 27?
1
Evaluate 1 - (-11 - (-13 + (-9 - -15))).
5
-12 - 0 - (175 + -178) - 2
-11
14 + 2 + (-5 - 1) - 2
8
What is -20 + -1 + 178 + -164 + 0?
-7
What is -10 + (-31 - (-18 + 4))?
-27
What is -6 + 15 + (8 - 5)?
12
Evaluate 1 + 33 + -1 + 4 + 56 + -65.
28
(-6 + 5 - (1 - 5)) + -12
-9
Evaluate -21 - (-45 + 16 + 13).
-5
Evaluate (9 - (-7 - -11)) + -27 + 4 - -6.
-12
(3 - 9) + (15 - (-22 - (-3 - 9)))
19
Calculate 2 + -9 + 8 - (11 + -1 + 0).
-9
What is -26 + 32 + (0 - 1) + 7?
12
Calculate -19 + 5 + -1 - (-4 - 7).
-4
Evaluate (8 - 3) + 14 + -6 + 5 + -2.
16
What is -2 + -9 + (-237 - -261)?
13
What is the value of -36 + 42 + (0 - 17)?
-11
What is the value of 7 + 0 + -13 + (-25 - -32) - 12?
-11
What is (5 - 1) + (-27 - -21)?
-2
Evaluate -125 + 138 - (1 + 2).
10
Evaluate -5 - (6 - 8) - (4 + -21).
14
(24 - 37 - -52) + -38
1
Evaluate 5 + -27 + 17 + -1 + 2 + 5.
1
What is 12 - (7 - (1 - (-12 + 4)))?
14
(44 - (2 + 0)) + (1044 - 1065)
21
Calculate -15 + (3 - (1 + -1 - (8 + -6))).
-10
What is the value of 108 + -66 + (4 - (3 - -5)) + -7?
31
What is (-13 - -8) + 9 - 14?
-10
What is 0 - 0 - ((-7 - -23) + (0 - 10))?
-6
What is the value of (-4 - -5 - 11) + 0 + 2 + -2?
-10
What is the value of 2 + 18 + 157 + -183?
-6
What is the value of (-8 - (-5 - (-7 - -8))) + 7 + 11?
16
What is (0 - 6) + -9 + 36?
21
What is -17 - ((26 - 44) + 18)?
-17
What is the value of (8 + 29 - (1 - 2 - -10)) + -4?
24
Evaluate 11 + -5 + -11 + 16.
11
What is the value of (17 - (40 - 32)) + -5 + -1 - 36?
-33
Calculate -4 + (5 - -8) - (-7 - -10).
6
Evaluate (-3 - (11 + -5)) + (11 - 9).
-7
What is the value of 11 - (0 + -18 - -4 - (117 - 116))?
26
What is -1 + -6 + (5 - 1) - (-1 + -2)?
0
What is the value of 36 + 1 - (339 - 309)?
7
Evaluate 21 + -7 + -2 + 0 + -5.
7
Calculate (-13 - -1) + 139 + -117.
10
What is the value of 19 - (23 - 21) - 28?
-11
What is the value of -2 - (24 - 43) - (-4 + 6 + 3)?
12
(-52 + -8 - -71) + (-1 - (0 + 3))
7
Calculate -10 - (-34 - -17 - 2).
9
-5 + -34 + 19 + -3 + (3 - 0)
-20
Evaluate 39 + -59 + 0 + (2 - 3) + -6.
-27
Evaluate -2 - -4 - (2 - 1) - (109 - 136).
28
Evaluate 4 + 0 - (-10 - (37 + -45)).
6
Evaluate (-7 - 0) + 58 + -56 + 7 + 6.
8
Evaluate (14 - 27 - -24) + 8 + -2.
17
What is the value of 38 + -35 + (16 - -1)?
20
18 + (19 - 10 - (-3 + 3 + -1))
28
What is the value of (-7 - -12 - 7) + 3 + -8?
-7
Calculate -18 + 2 + -27 + 45.
2
Calculate -10 - (-26 + 57 + -39).
-2
Evaluate -3 + -3 + 1 + -4 + (1429 - 1425).
-5
Calculate 18 + -21 + 5 - 18.
-16
What is -488 + 437 + (-1 - -25)?
-27
What is (-1 - 2) + (4 - -8) + 19?
28
What is -29 + 12 + (-1 - -10) - 3?
-11
Calculate 35 + (-15 - -3) + -15.
8
What is (-8 - -8) + 9 + -2 + (-15 - -16)?
8
Evaluate 4 + -1 - (11 + (-7 - -9) - -4).
-14
Evaluate -5 - (6 - (31 + -38)).
-18
19 - (15 + 0 + -10 + 5) - 15
-6
What is -20 + 0 + 39 + -10?
9
What is 12 - (2 + 2 + 4)?
4
Calculate 5 + 8 + -3 - 22 - -35.
23
What is the value of 0 + -7 + 11 + 0 - 9?
-5
What is -4 + (0 - -14 - 14)?
-4
What is (-2 + 2 - (-16 - (-12 - 8))) + 12?
8
What is the value of -11 + -2 - (36 - 52) - (-3 + 0)?
6
Evaluate -11 + -15 + 23 - ((-4 - 14) + -1).
16
Calculate -1 - 3 - (-231 - -246).
-19
3 - (20 - 11) - 2
-8
What is 0 + (6 + -1 - (-11 + 11 + 3))?
2
Evaluate -11 + 49 + 4 + -20.
22
Evaluate 0 + 5 + (-2 - (-3 - (-2 + 6))).
10
What is the value of 5 + 10 + -1 + (-61 - -46)?
-1
Evaluate 21 + (-29 + 8 - -20) + (0 - 2).
18
What is the value of 8 + -7 + 1 + 4 - 17?
-11
-14 - (10 + -15 - (-2 + 10))
-1
What is (4 + 7 + 5 - (1 - -1)) + -6?
8
What is the value of 4 + -1 - (-12 - (-50 - -37))?
2
What is 13 - (10 - (-6 + 9))?
6
What is the value of -2 - -14 - 13 - 0 - -17?
16
What is (-1 + 8 - (-7 + -3 + 12)) + -6?
-1
Calculate 1 - (-14 + 26 + -9).
-2
What is -6 + (-8 - -13) + 12 - 24?
-13
Calculate (-13 - 1) + (7 + -3 - 8).
-18
What is -27 + -30 - -44 - (-13 - 1)?
1
What is the value of (43 - (-4 + 59)) + 37 + 5 + -2?
28
-4 + 0 + 6 + -4 + -2
-4
What is -23 + (-26 - -9) - (-8 - 4)?
-28
Evaluate -70 + 75 + -1 + -3 + 4.
5
Evaluate 28 + 12 + -60 + 35.
15
14 + -2 + -138 + 124
-2
Calculate 15 - (16 + -22) - (10 + 0).
11
1 + 0 + 19 + 37 + -45
12
-51 + 1 - (38 - (26 + 26))
-36
-8 + (2 + -8 + -2 - -18)
2
What is the value of 14 + (16 - (-13 - (-10 + -37)))?
-4
Evaluate 28 + -1 + 0 + 15 + -22.
20
What is (41 - -5) + -44 + -9 + -1?
-8
What is -19 + 39 + -13 + -15 - (-14 - 2)?
8
What is -2 - (-1 - (0 - 12))?
-13
What is the value of -4 - (11 + 4 + (-15 - 4))?
0
Calculate 14 - 26 - (-2 - 2) - 0.
-8
What is -66 + (61 - (62 - 31))?
-36
What is the value of (-60 - (43 - 64)) + 4?
-35
What is -4 + 4 + (2 + 2 - 2)?
2
What is the value of 22 - (18 + (-5 - -4))?
5
17 + -24 + -7 - -18
4
Calculate -9 + -6 + (34 - 13) - 27.
-21
What is the value of (-29 + 25 - -25 - 8) + (-2 - -11)?
22
What is the value of -5 + 0 + -3 + 7 - -13?
12
2 + 6 + 9 + -17 + (3 - -1)
4
Evaluate 19 + -33 + 48 + -17.
17
Evaluate 9 + 3 - (-16 - -35).
-7
Evaluate 20 + -30 + 0 + (-7 - -3) + -1.
-15
-2 + -12 + 8 + -6 + 4
-8
What is (7 - 5) + (5 - -4)?
11
-6 + 2 + -1 - -11 - -15
21
What is 2 + (-2 - -1) + -2 - 10?
-11
Calculate 0 - (-4 - 1) - (35 + -88 + 44).
14
What is the value of -5 + 31 - -8 - 15?
19
What is the value of -1 + -4 - (-41 + 29) - (-2 - -26)?
-17
Calculate 10 - (-4 - -13 - 0 - (11 + 14)).
26
What is -33 - -8 - -7 - (-30 - 13)?
25
Evaluate 3 + (-1 + -6 - (-8 + -5)) + -2.
7
Evaluate (14 + -27 - -7) + 31.
25
What is 26 + (5 - (32 - 0))?
-1
Calculate (-1 - -3 - 1) + 247 + -248.
0
Calculate -1 + 4 - (2 + 10) - -27.
18
Evaluate (-8 - (-3 + 13 + -21)) + (6 - -2).
11
What is -25 - (-40 + 15) - 21?
-21
What is the value of 4 + (17 - 46 - -34)?
9
(15 + -5 - 2) + 9
17
What is the value of 12 + (48 - 34) - 42?
-16
What is -3 - -3 - (7 + (-19 - -9))?
3
Calculate -59 + 21 + 0 - -45.
7
Evaluate (-29 - 2 - -45) + -36.
-22
What is the value of -5 + -10 + 9 + -6 + -2 + 3?
-11
Evaluate 5 - (13 - 22) - (1 - -38).
-25
-15 - (-3 + 14 + -16) - 15
-25
-10 - (4 - (5 - (-14 - (-8 + -2))))
-5
What is 11 - (0 + 5 - ((-13 - 6) + 24))?
11
Evaluate 36 + -1 + (7 - 3 - (-8 + 15)).
32
What is the value of (-2 - (-9 - -10 - 21)) + (-5 - 0)?
13
What is ((-8 - 0) + 19 - 9) + -5?
-3
Evaluate -12 + 20 + (-1 - 6).
1
What is the value of (16 - 3) + 3 + -41?
-25
(-1 - (-17 + -5)) + (6 - 8) + 11
30
29 + -2 + 745 + -760
12
22 + -35 + 0 + 7
-6
What is the value of 1 - (-44 - -45 - (-2 + 0))?
-2
Calculate 2 + (2 - 4 - 9) + 1 + 28.
20
What is -10 + -5 + (4 - -5) - (-2 + 0)?
-4
Calculate 40 + 2 + -181 + 151.
12
(1 + 8 - 3) + (25 - 31) + 9
9
What is -22 + 27 + (8 - 4) - 26?
-17
-21 - (-1 + -2 + (9 + -8 - 5))
-14
Evaluate 0 + 5 + 80 + -89 - 6.
-10
Calculate 23 + 18 + -28 + 0.
13
Calculate ((5 - (12 - -9)) + 9 - -7) + 6.
6
Calculate -10 + 0 + 7 + 26 + -11.
12
(2 - (-10 - (7 - 21))) + 10
8
What is -18 - (-27 - -3) - ((20 - -3) + 3)?
-20
-9 + (17 - (7 + -4))
5
-4 - (9 + -2 + -6 + -9)
4
Calculate -15 - ((-1 - (11 - 2)